ate the remainder when 224 is divided by 10.
4
Calculate the remainder when 114 is divided by 98.
16
What is the remainder when 88 is divided by 31?
26
What is the remainder when 1837 is divided by 22?
11
Calculate the remainder when 30599 is divided by 214.
211
What is the remainder when 158 is divided by 80?
78
What is the remainder when 153 is divided by 59?
35
Calculate the remainder when 10555 is divided by 32.
27
What is the remainder when 83 is divided by 46?
37
What is the remainder when 1707 is divided by 18?
15
What is the remainder when 1463 is divided by 61?
60
Calculate the remainder when 73 is divided by 33.
7
What is the remainder when 2199 is divided by 274?
7
Calculate the remainder when 8 is divided by 4.
0
Calculate the remainder when 103 is divided by 7.
5
Calculate the remainder when 79 is divided by 19.
3
What is the remainder when 2899 is divided by 38?
11
What is the remainder when 614 is divided by 200?
14
What is the remainder when 71 is divided by 36?
35
Calculate the remainder when 627 is divided by 90.
87
What is the remainder when 388 is divided by 31?
16
Calculate the remainder when 292 is divided by 104.
84
What is the remainder when 239 is divided by 30?
29
Calculate the remainder when 44 is divided by 9.
8
What is the remainder when 519 is divided by 81?
33
Calculate the remainder when 374 is divided by 247.
127
Calculate the remainder when 681 is divided by 61.
10
Calculate the remainder when 124 is divided by 19.
10
What is the remainder when 145 is divided by 49?
47
Calculate the remainder when 217 is divided by 17.
13
Calculate the remainder when 49 is divided by 4.
1
What is the remainder when 133 is divided by 22?
1
What is the remainder when 1661 is divided by 49?
44
What is the remainder when 406 is divided by 54?
28
Calculate the remainder when 539 is divided by 252.
35
Calculate the remainder when 776 is divided by 7.
6
Calculate the remainder when 110 is divided by 98.
12
What is the remainder when 4025 is divided by 31?
26
Calculate the remainder when 1077 is divided by 120.
117
What is the remainder when 392 is divided by 214?
178
What is the remainder when 254 is divided by 66?
56
Calculate the remainder when 1793 is divided by 31.
26
What is the remainder when 274 is divided by 35?
29
What is the remainder when 1350 is divided by 450?
0
What is the remainder when 1869 is divided by 104?
101
Calculate the remainder when 1537 is divided by 128.
1
Calculate the remainder when 171 is divided by 60.
51
What is the remainder when 476 is divided by 43?
3
Calculate the remainder when 309 is divided by 195.
114
What is the remainder when 637 is divided by 29?
28
Calculate the remainder when 3931 is divided by 16.
11
Calculate the remainder when 755 is divided by 63.
62
Calculate the remainder when 332 is divided by 108.
8
What is the remainder when 747 is divided by 22?
21
What is the remainder when 84 is divided by 51?
33
What is the remainder when 198 is divided by 30?
18
What is the remainder when 200 is divided by 61?
17
Calculate the remainder when 6626 is divided by 214.
206
What is the remainder when 1429 is divided by 76?
61
What is the remainder when 189 is divided by 173?
16
What is the remainder when 125 is divided by 21?
20
Calculate the remainder when 166 is divided by 13.
10
What is the remainder when 2111 is divided by 64?
63
Calculate the remainder when 1273 is divided by 77.
41
What is the remainder when 585 is divided by 36?
9
Calculate the remainder when 198 is divided by 7.
2
Calculate the remainder when 176 is divided by 67.
42
What is the remainder when 115 is divided by 56?
3
Calculate the remainder when 946 is divided by 135.
1
What is the remainder when 3433 is divided by 32?
9
Calculate the remainder when 363 is divided by 13.
12
Calculate the remainder when 1080 is divided by 47.
46
What is the remainder when 1967 is divided by 5?
2
Calculate the remainder when 29 is divided by 1.
0
Calculate the remainder when 236 is divided by 77.
5
Calculate the remainder when 369 is divided by 145.
79
What is the remainder when 312 is divided by 45?
42
Calculate the remainder when 2714 is divided by 904.
2
Calculate the remainder when 51 is divided by 18.
15
Calculate the remainder when 666 is divided by 214.
24
Calculate the remainder when 118 is divided by 32.
22
Calculate the remainder when 2882 is divided by 37.
33
What is the remainder when 76 is divided by 45?
31
Calculate the remainder when 1717 is divided by 71.
13
Calculate the remainder when 7679 is divided by 30.
29
Calculate the remainder when 315 is divided by 89.
48
What is the remainder when 323 is divided by 36?
35
What is the remainder when 106 is divided by 11?
7
What is the remainder when 765 is divided by 4?
1
Calculate the remainder when 445 is divided by 146.
7
What is the remainder when 354 is divided by 72?
66
What is the remainder when 268 is divided by 15?
13
What is the remainder when 71 is divided by 15?
11
What is the remainder when 29779 is divided by 9?
7
Calculate the remainder when 3124 is divided by 125.
124
What is the remainder when 3672 is divided by 21?
18
Calculate the remainder when 76 is divided by 7.
6
Calculate the remainder when 386 is divided by 174.
38
Calculate the remainder when 1039 is divided by 104.
103
What is the remainder when 1326 is divided by 129?
36
Calculate the remainder when 10012 is divided by 19.
18
What is the remainder when 211 is divided by 76?
59
Calculate the remainder when 223 is divided by 32.
31
What is the remainder when 22 is divided by 12?
10
What is the remainder when 66 is divided by 37?
29
What is the remainder when 3320 is divided by 158?
2
What is the remainder when 1320 is divided by 123?
90
Calculate the remainder when 1018 is divided by 30.
28
Calculate the remainder when 70 is divided by 32.
6
Calculate the remainder when 11451 is divided by 3.
0
What is the remainder when 131 is divided by 67?
64
What is the remainder when 859 is divided by 426?
7
What is the remainder when 2703 is divided by 41?
38
What is the remainder when 165 is divided by 19?
13
What is the remainder when 340 is divided by 8?
4
What is the remainder when 364 is divided by 127?
110
What is the remainder when 53 is divided by 27?
26
What is the remainder when 4 is divided by 3?
1
What is the remainder when 1209 is divided by 4?
1
What is the remainder when 1627 is divided by 43?
36
What is the remainder when 211 is divided by 31?
25
Calculate the remainder when 1918 is divided by 19.
18
What is the remainder when 5487 is divided by 45?
42
Calculate the remainder when 7467 is divided by 166.
163
What is the remainder when 332 is divided by 40?
12
What is the remainder when 278 is divided by 5?
3
Calculate the remainder when 910 is divided by 62.
42
What is the remainder when 1394 is divided by 347?
6
Calculate the remainder when 99 is divided by 93.
6
Calculate the remainder when 857 is divided by 33.
32
Calculate the remainder when 777 is divided by 40.
17
Calculate the remainder when 43 is divided by 7.
1
Calculate the remainder when 76 is divided by 22.
10
Calculate the remainder when 137 is divided by 78.
59
Calculate the remainder when 49 is divided by 10.
9
What is the remainder when 5668 is divided by 107?
104
What is the remainder when 3525 is divided by 86?
85
What is the remainder when 241 is divided by 219?
22
Calculate the remainder when 8287 is divided by 32.
31
Calculate the remainder when 1263 is divided by 16.
15
What is the remainder when 2483 is divided by 38?
13
What is the remainder when 128 is divided by 61?
6
Calculate the remainder when 493 is divided by 4.
1
Calculate the remainder when 772 is divided by 71.
62
Calculate the remainder when 5885 is divided by 1464.
29
Calculate the remainder when 414 is divided by 42.
36
What is the remainder when 645 is divided by 93?
87
Calculate the remainder when 124 is divided by 98.
26
Calculate the remainder when 2238 is divided by 69.
30
What is the remainder when 17454 is divided by 23?
20
Calculate the remainder when 257 is divided by 46.
27
Calculate the remainder when 543 is divided by 43.
27
Calculate the remainder when 2153 is divided by 120.
113
What is the remainder when 36 is divided by 1?
0
What is the remainde